{"id":6270,"date":"2024-05-06T15:24:28","date_gmt":"2024-05-06T20:24:28","guid":{"rendered":"https:\/\/xmarts.com\/campaign\/?page_id=6270"},"modified":"2024-05-06T21:47:05","modified_gmt":"2024-05-07T02:47:05","slug":"politica-de-cookies-2","status":"publish","type":"page","link":"https:\/\/xmarts.com\/campaign\/politica-de-cookies-2\/","title":{"rendered":"Pol\u00edtica de Cookies - Brasil"},"content":{"rendered":"<style>.kb-row-layout-id6270_e5536f-80 > .kt-row-column-wrap{align-content:start;}:where(.kb-row-layout-id6270_e5536f-80 > .kt-row-column-wrap) > .wp-block-kadence-column{justify-content:start;}.kb-row-layout-id6270_e5536f-80 > .kt-row-column-wrap{column-gap:var(--global-kb-gap-md, 2rem);row-gap:var(--global-kb-gap-md, 2rem);max-width:var( --global-content-width, 1290px );padding-left:var(--global-content-edge-padding);padding-right:var(--global-content-edge-padding);padding-top:var(--global-kb-spacing-xxl, 5rem);padding-bottom:var(--global-kb-spacing-xxl, 5rem);grid-template-columns:minmax(0, 1fr);}.kb-row-layout-id6270_e5536f-80{background-color:var(--global-palette6, #718096);}.kb-row-layout-id6270_e5536f-80 > .kt-row-layout-overlay{opacity:0.30;}@media all and (max-width: 1024px){.kb-row-layout-id6270_e5536f-80 > .kt-row-column-wrap{grid-template-columns:minmax(0, 1fr);}}@media all and (max-width: 767px){.kb-row-layout-id6270_e5536f-80 > .kt-row-column-wrap{grid-template-columns:minmax(0, 1fr);}}<\/style><div class=\"kb-row-layout-wrap kb-row-layout-id6270_e5536f-80 alignnone kt-row-has-bg wp-block-kadence-rowlayout\"><div class=\"kt-row-column-wrap kt-has-1-columns kt-row-layout-equal kt-tab-layout-inherit kt-mobile-layout-row kt-row-valign-top kb-theme-content-width\">\n<style>.kadence-column6270_7b89a8-af > .kt-inside-inner-col,.kadence-column6270_7b89a8-af > .kt-inside-inner-col:before{border-top-left-radius:0px;border-top-right-radius:0px;border-bottom-right-radius:0px;border-bottom-left-radius:0px;}.kadence-column6270_7b89a8-af > .kt-inside-inner-col{column-gap:var(--global-kb-gap-sm, 1rem);}.kadence-column6270_7b89a8-af > .kt-inside-inner-col{flex-direction:column;}.kadence-column6270_7b89a8-af > .kt-inside-inner-col > .aligncenter{width:100%;}.kadence-column6270_7b89a8-af > .kt-inside-inner-col:before{opacity:0.3;}.kadence-column6270_7b89a8-af{position:relative;}@media all and (max-width: 1024px){.kadence-column6270_7b89a8-af > .kt-inside-inner-col{flex-direction:column;}}@media all and (max-width: 767px){.kadence-column6270_7b89a8-af > .kt-inside-inner-col{flex-direction:column;}}<\/style>\n<div class=\"wp-block-kadence-column kadence-column6270_7b89a8-af\"><div class=\"kt-inside-inner-col\"><style>.wp-block-kadence-advancedheading.kt-adv-heading6270_a23d25-cb, .wp-block-kadence-advancedheading.kt-adv-heading6270_a23d25-cb[data-kb-block=\"kb-adv-heading6270_a23d25-cb\"]{text-align:center;font-style:normal;}.wp-block-kadence-advancedheading.kt-adv-heading6270_a23d25-cb mark.kt-highlight, .wp-block-kadence-advancedheading.kt-adv-heading6270_a23d25-cb[data-kb-block=\"kb-adv-heading6270_a23d25-cb\"] mark.kt-highlight{font-style:normal;color:#f76a0c;-webkit-box-decoration-break:clone;box-decoration-break:clone;padding-top:0px;padding-right:0px;padding-bottom:0px;padding-left:0px;}<\/style>\n<h1 class=\"kt-adv-heading6270_a23d25-cb wp-block-kadence-advancedheading\" data-kb-block=\"kb-adv-heading6270_a23d25-cb\">Pol\u00edtica de Cookies - Brasil<\/h1>\n<\/div><\/div>\n\n<\/div><\/div>\n\n<style>.kb-row-layout-id6270_650b62-d5 > .kt-row-column-wrap{align-content:start;}:where(.kb-row-layout-id6270_650b62-d5 > .kt-row-column-wrap) > .wp-block-kadence-column{justify-content:start;}.kb-row-layout-id6270_650b62-d5 > .kt-row-column-wrap{column-gap:var(--global-kb-gap-md, 2rem);row-gap:var(--global-kb-gap-md, 2rem);max-width:var( --global-content-width, 1290px );padding-left:var(--global-content-edge-padding);padding-right:var(--global-content-edge-padding);padding-top:var(--global-kb-spacing-xxl, 5rem);padding-bottom:var(--global-kb-spacing-xl, 4rem);grid-template-columns:minmax(0, 1fr);}.kb-row-layout-id6270_650b62-d5 > .kt-row-layout-overlay{opacity:0.30;}@media all and (max-width: 1024px){.kb-row-layout-id6270_650b62-d5 > .kt-row-column-wrap{grid-template-columns:minmax(0, 1fr);}}@media all and (max-width: 767px){.kb-row-layout-id6270_650b62-d5 > .kt-row-column-wrap{grid-template-columns:minmax(0, 1fr);}}<\/style><div class=\"kb-row-layout-wrap kb-row-layout-id6270_650b62-d5 alignnone wp-block-kadence-rowlayout\"><div class=\"kt-row-column-wrap kt-has-1-columns kt-row-layout-equal kt-tab-layout-inherit kt-mobile-layout-row kt-row-valign-top kb-theme-content-width\">\n<style>.kadence-column6270_ac2e60-bb > .kt-inside-inner-col,.kadence-column6270_ac2e60-bb > .kt-inside-inner-col:before{border-top-left-radius:0px;border-top-right-radius:0px;border-bottom-right-radius:0px;border-bottom-left-radius:0px;}.kadence-column6270_ac2e60-bb > .kt-inside-inner-col{column-gap:var(--global-kb-gap-sm, 1rem);}.kadence-column6270_ac2e60-bb > .kt-inside-inner-col{flex-direction:column;}.kadence-column6270_ac2e60-bb > .kt-inside-inner-col > .aligncenter{width:100%;}.kadence-column6270_ac2e60-bb > .kt-inside-inner-col:before{opacity:0.3;}.kadence-column6270_ac2e60-bb{position:relative;}@media all and (max-width: 1024px){.kadence-column6270_ac2e60-bb > .kt-inside-inner-col{flex-direction:column;}}@media all and (max-width: 767px){.kadence-column6270_ac2e60-bb > .kt-inside-inner-col{flex-direction:column;}}<\/style>\n<div class=\"wp-block-kadence-column kadence-column6270_ac2e60-bb\"><div class=\"kt-inside-inner-col\">\n<h2 class=\"wp-block-heading\"><strong>POL\u00cdTICA DE COOKIES<\/strong><\/h2>\n\n\n\n<h4 class=\"wp-block-heading\"><strong>https:\/\/www.xmarts.com<\/strong><\/h4>\n\n\n\n<p>O acesso a este Site pode envolver a utiliza\u00e7\u00e3o de cookies. Os cookies s\u00e3o pequenas quantidades de informa\u00e7\u00e3o que s\u00e3o armazenadas no navegador utilizado por cada Utilizador - nos diferentes dispositivos que utiliza para navegar - para que o servidor se lembre de determinadas informa\u00e7\u00f5es que posteriormente ser\u00e3o lidas apenas pelo servidor que as implementou. Os cookies tornam a navega\u00e7\u00e3o mais f\u00e1cil e intuitiva e n\u00e3o danificam o dispositivo de navega\u00e7\u00e3o.<\/p>\n\n\n\n<p>Os cookies s\u00e3o procedimentos autom\u00e1ticos de recolha de informa\u00e7\u00e3o relacionada com as prefer\u00eancias determinadas pelo Utilizador durante a sua visita ao Site, a fim de o reconhecer como Utilizador e personalizar a sua experi\u00eancia e utiliza\u00e7\u00e3o do Site, podendo tamb\u00e9m, por exemplo, ajudar a identificar e resolver erros.<\/p>\n\n\n\n<p>As informa\u00e7\u00f5es recolhidas atrav\u00e9s dos cookies podem incluir a data e hora das visitas ao Site, as p\u00e1ginas visualizadas, o tempo passado no Site e os sites visitados imediatamente antes e depois do Site. No entanto, nenhum cookie permite contactar o n\u00famero de telefone do Utilizador ou qualquer outro meio de contacto pessoal. Nenhum cookie pode extrair informa\u00e7\u00f5es do disco r\u00edgido do Usu\u00e1rio ou roubar informa\u00e7\u00f5es pessoais. A \u00fanica maneira de as informa\u00e7\u00f5es privadas do Usu\u00e1rio fazerem parte do arquivo Cookie \u00e9 o usu\u00e1rio fornecer pessoalmente essas informa\u00e7\u00f5es ao servidor.<\/p>\n\n\n\n<p>Os cookies que permitem identificar uma pessoa s\u00e3o considerados dados pessoais. Portanto, a Pol\u00edtica de Privacidade descrita acima ser\u00e1 aplic\u00e1vel a eles. Neste sentido, ser\u00e1 necess\u00e1rio o consentimento do Utilizador para a sua utiliza\u00e7\u00e3o. Este consentimento ser\u00e1 comunicado, com base numa escolha aut\u00eantica, oferecida atrav\u00e9s de uma decis\u00e3o afirmativa e positiva, antes do tratamento inicial, remov\u00edvel e documentado.<\/p>\n\n\n\n<h4 class=\"wp-block-heading\"><strong>Cookies pr\u00f3prios<\/strong><\/h4>\n\n\n\n<p>S\u00e3o aqueles cookies que s\u00e3o enviados ao computador ou dispositivo do Usu\u00e1rio e gerenciados exclusivamente pelo Grupo Xmarts para o melhor funcionamento do Site. A informa\u00e7\u00e3o recolhida \u00e9 utilizada para melhorar a qualidade do Site e do seu Conte\u00fado e a sua experi\u00eancia como Utilizador. Estes cookies permitem-nos reconhecer o Utilizador como um visitante recorrente do Site e adaptar o conte\u00fado para oferecer conte\u00fados que se ajustem \u00e0s suas prefer\u00eancias.<\/p>\n\n\n\n<h4 class=\"wp-block-heading\"><strong>Cookies de terceiros<\/strong><\/h4>\n\n\n\n<p>S\u00e3o cookies utilizados e geridos por entidades externas que prestam ao Grupo Xmarts os servi\u00e7os por este solicitados para melhorar o Site e a experi\u00eancia do utilizador ao navegar no Site. Os principais objetivos para os quais s\u00e3o utilizados cookies de terceiros s\u00e3o obter estat\u00edsticas de acesso e analisar informa\u00e7\u00f5es de navega\u00e7\u00e3o, ou seja, a forma como o Utilizador interage com o Site.<\/p>\n\n\n\n<p>A informa\u00e7\u00e3o obtida refere-se, por exemplo, ao n\u00famero de p\u00e1ginas visitadas, ao idioma, ao local a partir do qual o endere\u00e7o IP a partir do qual o Utilizador acede, ao n\u00famero de Utilizadores que acedem, \u00e0 frequ\u00eancia e recorr\u00eancia das visitas, ao hor\u00e1rio da visita, o navegador que utilizam, a operadora ou o tipo de dispositivo a partir do qual a visita \u00e9 feita. Esta informa\u00e7\u00e3o \u00e9 utilizada para melhorar o Site e detectar novas necessidades para oferecer aos Usu\u00e1rios Conte\u00fado e\/ou servi\u00e7o de \u00f3tima qualidade. Em qualquer caso, a informa\u00e7\u00e3o \u00e9 recolhida de forma an\u00f3nima e os relat\u00f3rios de tend\u00eancias do site s\u00e3o elaborados sem identificar utilizadores individuais.<\/p>\n\n\n\n<p>Poder\u00e1 obter mais informa\u00e7\u00f5es sobre cookies, informa\u00e7\u00f5es sobre privacidade, ou consultar a descri\u00e7\u00e3o do tipo de cookies utilizados, suas principais caracter\u00edsticas, prazo de validade, etc. no(s) link(s) a seguir:<\/p>\n\n\n\n<p>Google Analytics: https:\/\/policies.google.com\/privacy<\/p>\n\n\n\n<p>Gerenciador de tags do Google: https:\/\/support.google.com\/tagmanager\/answer\/6102821?hl=en<\/p>\n\n\n\n<p>Hotjar: https:\/\/help.hotjar.com\/hc\/es\/categories\/115001323967-Acerca-de-Hotjar<\/p>\n\n\n\n<p>A(s) entidade(s) respons\u00e1vel(is) pelo fornecimento de cookies poder\u00e1 transferir esta informa\u00e7\u00e3o a terceiros, desde que tal seja exigido por lei ou que um terceiro trate esta informa\u00e7\u00e3o para tais entidades.<\/p>\n\n\n\n<h4 class=\"wp-block-heading\"><strong>Desabilitar, rejeitar e excluir cookies<\/strong><\/h4>\n\n\n\n<p>O Utilizador pode desativar, rejeitar e eliminar os cookies \u2013 total ou parcialmente \u2013 instalados no seu dispositivo atrav\u00e9s das configura\u00e7\u00f5es do seu navegador (incluindo, por exemplo, Chrome, Firefox, Safari, Explorer). Neste sentido, os procedimentos de rejei\u00e7\u00e3o e elimina\u00e7\u00e3o de cookies podem diferir de um navegador de Internet para outro. Consequentemente, o Utilizador dever\u00e1 seguir as instru\u00e7\u00f5es fornecidas pelo navegador de Internet que utiliza. Caso rejeite a utiliza\u00e7\u00e3o de cookies \u2013 no todo ou em parte \u2013 poder\u00e1 continuar a utilizar o Site, embora a utiliza\u00e7\u00e3o de algumas das suas funcionalidades possa ser limitada.<\/p>\n\n\n\n<p>A \u00faltima revis\u00e3o da nossa Pol\u00edtica de Cookies foi em 06\/05\/2024.<\/p>\n<\/div><\/div>\n\n<\/div><\/div>","protected":false},"excerpt":{"rendered":"<p>Pol\u00edtica de Cookies - Brasil POL\u00cdTICA DE COOKIES https:\/\/www.xmarts.com O acesso a este Site pode envolver a utiliza\u00e7\u00e3o de cookies. Os cookies s\u00e3o pequenas quantidades de informa\u00e7\u00e3o que s\u00e3o armazenadas no navegador utilizado por cada Utilizador - nos diferentes dispositivos que utiliza para navegar - para que o servidor se lembre de determinadas informa\u00e7\u00f5es que...<\/p>\n","protected":false},"author":1,"featured_media":0,"parent":0,"menu_order":0,"comment_status":"closed","ping_status":"closed","template":"","meta":{"inline_featured_image":false,"_eb_attr":"","_kad_blocks_custom_css":"","_kad_blocks_head_custom_js":"","_kad_blocks_body_custom_js":"","_kad_blocks_footer_custom_js":"","_kadence_starter_templates_imported_post":false,"_kad_post_transparent":"","_kad_post_title":"","_kad_post_layout":"","_kad_post_sidebar_id":"","_kad_post_content_style":"","_kad_post_vertical_padding":"","_kad_post_feature":"","_kad_post_feature_position":"","_kad_post_header":true,"_kad_post_footer":false,"footnotes":""},"class_list":["post-6270","page","type-page","status-publish","hentry"],"taxonomy_info":[],"featured_image_src_large":false,"author_info":{"display_name":"xmarts","author_link":"https:\/\/xmarts.com\/campaign\/author\/xmarts\/"},"comment_info":0,"_links":{"self":[{"href":"https:\/\/xmarts.com\/campaign\/wp-json\/wp\/v2\/pages\/6270","targetHints":{"allow":["GET"]}}],"collection":[{"href":"https:\/\/xmarts.com\/campaign\/wp-json\/wp\/v2\/pages"}],"about":[{"href":"https:\/\/xmarts.com\/campaign\/wp-json\/wp\/v2\/types\/page"}],"author":[{"embeddable":true,"href":"https:\/\/xmarts.com\/campaign\/wp-json\/wp\/v2\/users\/1"}],"replies":[{"embeddable":true,"href":"https:\/\/xmarts.com\/campaign\/wp-json\/wp\/v2\/comments?post=6270"}],"version-history":[{"count":4,"href":"https:\/\/xmarts.com\/campaign\/wp-json\/wp\/v2\/pages\/6270\/revisions"}],"predecessor-version":[{"id":6348,"href":"https:\/\/xmarts.com\/campaign\/wp-json\/wp\/v2\/pages\/6270\/revisions\/6348"}],"wp:attachment":[{"href":"https:\/\/xmarts.com\/campaign\/wp-json\/wp\/v2\/media?parent=6270"}],"curies":[{"name":"wp","href":"https:\/\/api.w.org\/{rel}","templated":true}]}}